is the value of -4 + 3 + 0 - -1?
0
Evaluate (-9 - -2) + 11 + -12.
-8
What is the value of -13 - -8 - (3 + 0 + -10)?
2
What is -1 - (3 - (1 + -2 - -2))?
-3
Evaluate 2 - (0 + 7 + -14 + 12).
-3
Evaluate -1 + 9 + -4 - -1.
5
(-2 - (1 - 2)) + 1
0
Evaluate -2 + (-2 - (-3 - 3)).
2
What is -1 - (3 + (2 - (4 - 0)))?
-2
What is -6 + (10 + -6 - (3 - -1))?
-6
-1 + -2 + (-2 - -4)
-1
What is the value of -4 + (-3 - -4) - -3?
0
Calculate (1 - 11) + 6 + 3.
-1
Evaluate (0 - (-3 + 2)) + 0.
1
-2 + -1 - 3 - -8
2
What is 0 - -3 - (11 + (-6 - -2))?
-4
Calculate -7 - (3 + -3 - (2 - -3)).
-2
-14 - (-2 + -4) - -5
-3
Evaluate 9 + (-2 - 2) + 6 + -4.
7
-3 + -6 + -1 - -3
-7
What is the value of (3 - -2) + (5 + 2 - 19)?
-7
Calculate 3 + -1 - (-38 + 44).
-4
Evaluate 0 - (-3 - (-2 + 2 - 8)).
-5
What is the value of -4 - (3 - (16 - 2) - -4)?
3
Evaluate (-6 - 6 - -6) + 5 + -5.
-6
What is 1 + (-1 - (19 - 11))?
-8
7 + -1 - (-8 - (-2 + -8))
4
(3 - (-10 + 19)) + (10 - 0)
4
(-6 - -27) + -13 + 1
9
Evaluate 11 - (7 + -11 + 15).
0
Calculate 3 - (-2 + 8) - (5 - 0).
-8
What is the value of 1 - 0 - (-4 + 10)?
-5
What is -7 + 13 - 5 - -5?
6
Evaluate -3 - (0 + -1 + (-4 - 3)).
5
(20 - 6 - 2) + -12
0
-5 + (7 - -7) + -12
-3
What is the value of 0 + -3 - (-8 - -5)?
0
What is -6 - (2 + 0 - 1) - -3?
-4
(-56 - -62) + (-11 - 0)
-5
What is (5 - ((18 - 5) + -6)) + -1?
-3
Calculate -4 + (2 + -2 + 3 - 2).
-3
Evaluate -10 + 7 - (0 + 0 + 0).
-3
Evaluate (7 - 7 - 3) + 2 + -2.
-3
What is the value of (0 - 1) + 0 - (-8 + 6)?
1
What is the value of (0 - -4) + (-8 - 3 - -3)?
-4
10 + -5 + (5 - 5)
5
What is -2 + (3 - (2 + -2 + 6))?
-5
Calculate -5 + (0 - 1) + 2.
-4
Calculate -3 + -5 + 3 + 8.
3
-1 - -3 - (1 + (3 - -5))
-7
What is the value of 12 + (-7 - 4 - -9)?
10
What is the value of 10 + -3 - (-5 + 11)?
1
Calculate (5 - 10 - -9) + -5.
-1
Calculate -6 - (-1 - 0) - -5.
0
(5 + -3 - 2) + 0
0
Calculate (-4 - (2 + -9)) + -8 + 4.
-1
Evaluate -1 + -1 - 3 - (-4 - 3).
2
Evaluate 11 + (-2 - 4 - -2 - 1).
6
-112 - -109 - (-9 - -2)
4
What is -10 - (7 + -10 + -5 - -1)?
-3
What is the value of -40 + 32 + (2 - 4 - -6)?
-4
-1 - 0 - (3 + -1 + -2)
-1
-1 - (9 - 2) - -8
0
What is the value of (10 - 3) + -5 + -1?
1
Evaluate -10 + 2 + 3 + (5 - 1).
-1
(-3 + 4 - 1) + -4
-4
What is -6 + 9 + 6 + -8?
1
1 + 0 + (-7 - (-1 + -3))
-2
Calculate -6 - (-12 + 5) - -5.
6
What is 7 + -4 + 6 + -17?
-8
-3 + 4 + (-1 + 2 - -6)
8
Calculate -3 - ((4 - 1) + -1).
-5
1 + -6 + (-15 - (-31 + 8))
3
Calculate -13 + 0 - (-1 - 6).
-6
Calculate (-11 - -3) + 2 - (-4 + 2).
-4
Calculate -1 + 1 + (-2 - 2) - 2.
-6
Evaluate 2 - -1 - (-11 + 8) - 3.
3
Calculate -2 + 0 + 1 + (64 - 62).
1
What is the value of -2 + (2 - 8) - -6?
-2
7 - 7 - -3 - (2 - -5)
-4
What is the value of -4 + (7 - (-4 - (6 - 13)))?
0
-1 + -5 - (-10 + 8)
-4
Calculate 3 + -1 - (-2 - -6).
-2
What is the value of 14 - -2 - (50 + -38)?
4
Calculate -90 - -92 - (-1 + 8).
-5
Calculate 9 + -7 + -6 + 2.
-2
What is the value of 4 + -3 + 3 + -2 + -3?
-1
Evaluate (7 + -2 - 8) + -2 + 0.
-5
-11 + 11 + (5 - 2) + -3
0
Evaluate -1 + -1 + 3 + 52 + -51.
2
Evaluate -1 - (12 - 6 - 5).
-2
(3 - 5 - 10) + 8 + -6
-10
What is the value of 8 + 0 - (25 - 13)?
-4
What is the value of (3 - (-2 - -4)) + 1 + -5?
-3
What is -4 - (-1 - (6 - 1))?
2
Calculate -2 + 4 + 4 + -1.
5
What is (-13 + 3 - -5) + -2?
-7
Calculate -1 + 3 + (11 - (-9 - -18)).
4
What is the value of -1 + 4 + -2 + (0 - -2)?
3
Calculate -2 + 0 + 7 + (2 - 5).
2
Evaluate (7 - 6) + -7 - -3 - 6.
-9
What is (-39 - -39) + (-2 - -2)?
0
Calculate 3 - (0 - (-2 - (-4 + 6))).
-1
What is the value of 1 - 3 - (-3 + 1 - -3)?
-3
What is the value of (2 - (0 - (0 + 7))) + -2?
7
8 - ((-3 - -9) + 3)
-1
What is -3 + 3 + 5 + (-1 - 0)?
4
Calculate -2 - (2 + -1 + 2 - 1).
-4
Calculate -1 - (-3 + 1 + -5 - -3).
3
What is the value of 0 + 2 + (-4 - -3)?
1
What is the value of 5 - (-12 + 20 - 13)?
10
What is the value of (1 - 2) + (-22 + 5 - -16)?
-2
What is -43 + 40 - (0 - 6)?
3
Calculate -1 - ((5 - 2) + (-2 - 1)).
-1
-1 + (-9 - -6) - -11
7
What is the value of -8 - -13 - (6 - (0 - 3))?
-4
Calculate 3 - (-2 - -1) - (-4 - -12).
-4
What is 6 + -6 + -1 + 6 + -2?
3
What is 1 - -1 - (0 - (1 + -2))?
1
Evaluate 3 - ((-45 - -39) + (16 - -1)).
-8
What is the value of 0 - -2 - (3 + (3 - 2))?
-2
What is (2 - 5) + 11 - 11?
-3
Evaluate (8 - 4) + 0 + -3.
1
1 + -5 - (43 - 50)
3
Calculate -21 + 11 + 0 + (1 - -1).
-8
What is the value of 0 - 1 - (-13 + 16)?
-4
What is 21 - 20 - (2 - -1)?
-2
What is the value of 0 - (-9 + 14) - (0 + -6)?
1
Calculate -1 + -4 + -1 + 3.
-3
Calculate -6 + 4 + -6 + 4 - -8.
4
What is the value of 65 + -62 - (7 - 1 - 2)?
-1
Calculate 1 - (4 + 6 + -1).
-8
What is the value of (1 - 17) + (58 - 53) + 6?
-5
Calculate 0 + -7 - (2 + -6 + -3).
0
Evaluate -5 + 1 + (7 - -1).
4
6 + (-3 - -15) + -18
0
Evaluate (29 - 30) + (-1 - -4).
2
What is -1 + -1 - ((-13 - -17) + 1)?
-7
Calculate 0 + -6 + 1 + (-8 - -11).
-2
Calculate (1 + -2 - -3) + 4 + -7.
-1
What is the value of 2 + (4 + 1 - (28 - 26))?
5
3 + (-2 + 0 - (11 + -8))
-2
Calculate 13 - 15 - (-1 + -4).
3
Evaluate -1 + (-7 - (-10 + -2 - 1)).
5
Calculate (2 - 1) + 6 + (17 - 22).
2
Calculate (-2 - (-9 - -2 - -3)) + 1.
3
What is the value of 0 - (3 + -2 + -4 + 8)?
-5
What is 1 + -6 + 1 + -1?
-5
2 + (-5 - 0) + -4 + -1
-8
What is (-7 - -6) + (4 - -3)?
6
4 + -1 + 1 - 5
-1
-2 + 2 + 5 - (-7 + 9)
3
What is -5 + -2 - (35 + -42)?
0
What is -27 + 23 + (-4 - -12)?
4
What is -1 - -1 - (-27 - -28)?
-1
What is 5 + -1 + 1 + -2?
3
8 + (-8 + 3 - 3)
0
Calculate 2 + (2 - (5 - 3)).
2
Evaluate 2 + -2 + 6 + (-2 - -1).
5
What is the value of -6 + 12 - (-1 + 3)?
4
What is the value of -3 + 12 + -2 + -9?
-2
What is 7 + -10 + (-2 - -3)?
-2
What is the value of -11 - (-10 + 13 - (2 + 1))?
-11
-5 + (0 - (-6 + 2)) - -5
4
-6 - -5 - -2 - (2 - 5)
4
Evaluate (0 + -1 - 3) + 7.
3
What is -59 + 50 - (2 - 2 - 3)?
-6
Calculate (-1 - (-3 + 0)) + (0 - 1).
1
What is -2 - (5 - (7 + 1))?
1
-19 - -17 - (-3 + -1)
2
4 + (-11 - 6 - -8)
-5
What is the value of 8 + (-3 + 1 - 1)?
5
What is the value of 2 - (0 - -5 - 9)?
6
Evaluate 8 - (12 + -3) - -10.
9
Evaluate (3 - 0) + -3 - 3.
-3
What is the value of (-4 - 6) + (-4 - -7)?
-7
Evaluate 1 + -5 + (9 - 6) - 0.
-1
2 - 9 - (7 - 8)
-6
What is the value of -10 - (7 + -13 + -11)?
7
Evaluate 1 - (-1 + 8) - -5.
-1
4 + -7 + 2 + -1
-2
Calculate 4 + 3 + -5 - 4.
-2
Evaluate 7 - (0 + -5 + 17).
-5
What is 2 - -1 - (1 + 1 + -1)?
2
What is the value of -1 - (3 - (3 + 1) - -3)?
-3
Evaluate (-10 - -3) + 4 - -3.
0
What is -4 - 1 - (-12 - -9)?
-2
Evaluate -17 + 12 + (2 - (0 + 0)).
-3
Calculate 6 + -2 + -1 + 1 + 0.
4
What is the value of -7 - (-2 + (10 - 8))?
-7
2 + (2 - 6) + 1
-1
Calculate 1 + -7 - (1 - 4).
-3
Calculate 11 - (-5 + 9 + 1 + 0).
6
What is the value of 1 - (3 + 0 + (2 - -3))?
-7
What is the value of -8 + 2 + 7 + -1 + 4?
4
What is the value of -1 - ((-19 - -23) + 0 + 0)?
-5
Evaluate -3 - (-6 - (-9 - -4)).
-2
1 + 1 + -3 + -4
-5
Calculate (0 - -3) + 7 + -3 + -3.
4
Calculate (5 - 5 - 0) + 0 + 4.
4
-2 - (4 + -4 - 0)
-2
8 + -9 - (-5 + (0 - -1))
3
What is the value of -2 - (-8 - -4 - -2)?
0
What is (1 - -8) + (25 - 32)?
2
Evaluate -8 - (-8 + 4 - 9).
5
Calculate 1 - 0 - (10 - 11).
2
Evaluate -5 - 15 - (34 - 43).
-11
What is the value of 0 - -3 - 6 - -8?
5
Calculate (-3 - (9 - 6)) + (1 - -5).
0
What is the value of -7 + (6 - 4) + 2?
-3
Evaluate -7 - (-8 - (-6 - -4)).
-1
What is 3 + (9 - (-5 - -13))?
4
What is the value of 7 - 12 - (-4 + -7)?
6
What is (2 - ((3 - 3) + 7)) + -1?
-6
Calculate 3 + -6 + 0 + 7 + 3.
7
(-21 - -32) + -1 + -8
2
(-2 - -9) + -3 + 7 + -10
1
What is the value of -8 + 2 + 14 + (-1 - 3)?
4
-3 - 8 - (-33 + 14)
8
What is the value of 12 - (1 - -4) - 4?
3
What is ((-6 - -1) + 0 - -3) + 0?
-2
What is the value of 31 - 24 - (-1 + 1 + 3)?
4
Calculate 4 + (0 + 2 - (10 + -9)).
5
-4 + 3 + (-1 - 3)
-5
What is 0 + (8 - 14) + 0 + 1?
-5
Calculate (-1 - -1) + -4 + 0 - -1.
-3
What is the value of -1 - ((6 - 1) + -6 + 1)?
-1
Calculate 3 + (0 - 10) - -3.
-4
What is the value of -27 + 18 - (2 + -2 - 3)?
-6
Calculate -10 + 13 - 12 - -2.
-7
What is (-9 - -4) + 6 + -6?
-5
Calculate -7 + -5 + (16 - 10).
-6
What is the value of 0 + 4 + (-8 - -1)?
-3
What is the value of (-1 - -5) + (1 - (0 + 3))?
2
What is (-4 - (-1 - 8)) + -6?
-1
What is (-38 - -32) + 1 + 0?
-5
Wha